[INFO] cloning repository https://github.com/NotLucaM/boids
[INFO] running `Command { std: "git" "-c" "credential.helper=" "-c" "credential.helper=/workspace/cargo-home/bin/git-credential-null" "clone" "--bare" "https://github.com/NotLucaM/boids" "/workspace/cache/git-repos/https%3A%2F%2Fgithub.com%2FNotLucaM%2Fboids", kill_on_drop: false }`
[INFO] [stderr] Cloning into bare repository '/workspace/cache/git-repos/https%3A%2F%2Fgithub.com%2FNotLucaM%2Fboids'...
[INFO] running `Command { std: "git" "rev-parse" "HEAD", kill_on_drop: false }`
[INFO] [stdout] 282073a5a3ae7e2bfda0d56a331bddaa4d91ccd3
[INFO] building NotLucaM/boids against master#ff34b919075f35a1787659e9c448a34b06bab8de for issue-85264
[INFO] running `Command { std: "git" "clone" "/workspace/cache/git-repos/https%3A%2F%2Fgithub.com%2FNotLucaM%2Fboids" "/workspace/builds/worker-0/source", kill_on_drop: false }`
[INFO] [stderr] Cloning into '/workspace/builds/worker-0/source'...
[INFO] [stderr] done.
[INFO] validating manifest of git repo https://github.com/NotLucaM/boids on toolchain ff34b919075f35a1787659e9c448a34b06bab8de
[INFO] running `Command { std: "/workspace/cargo-home/bin/cargo" "+ff34b919075f35a1787659e9c448a34b06bab8de" "metadata" "--manifest-path" "Cargo.toml" "--no-deps", kill_on_drop: false }`
[INFO] started tweaking git repo https://github.com/NotLucaM/boids
[INFO] finished tweaking git repo https://github.com/NotLucaM/boids
[INFO] tweaked toml for git repo https://github.com/NotLucaM/boids written to /workspace/builds/worker-0/source/Cargo.toml
[INFO] crate git repo https://github.com/NotLucaM/boids already has a lockfile, it will not be regenerated
[INFO] running `Command { std: "/workspace/cargo-home/bin/cargo" "+ff34b919075f35a1787659e9c448a34b06bab8de" "fetch" "--manifest-path" "Cargo.toml", kill_on_drop: false }`
[INFO] [stderr]     Blocking waiting for file lock on package cache
[INFO] [stderr]     Blocking waiting for file lock on package cache
[INFO] running `Command { std: "docker" "create" "-v" "/var/lib/crater-agent-workspace/builds/worker-0/target:/opt/rustwide/target:rw,Z" "-v" "/var/lib/crater-agent-workspace/builds/worker-0/source:/opt/rustwide/workdir:ro,Z" "-v" "/var/lib/crater-agent-workspace/cargo-home:/opt/rustwide/cargo-home:ro,Z" "-v" "/var/lib/crater-agent-workspace/rustup-home:/opt/rustwide/rustup-home:ro,Z" "-e" "SOURCE_DIR=/opt/rustwide/workdir" "-e" "CARGO_TARGET_DIR=/opt/rustwide/target" "-e" "CARGO_HOME=/opt/rustwide/cargo-home" "-e" "RUSTUP_HOME=/opt/rustwide/rustup-home" "-w" "/opt/rustwide/workdir" "-m" "1610612736" "--user" "0:0" "--network" "none" "ghcr.io/rust-lang/crates-build-env/linux@sha256:20528e8c29e4536546f0102ce88568b16ea7538393a33fcca951030f7af10457" "/opt/rustwide/cargo-home/bin/cargo" "+ff34b919075f35a1787659e9c448a34b06bab8de" "metadata" "--no-deps" "--format-version=1", kill_on_drop: false }`
[INFO] [stdout] 99874afa4f36677fbc971fe9655683a164f7f8dbe8bc75484a71db89a4f2d8e9
[INFO] [stderr] WARNING: Your kernel does not support swap limit capabilities or the cgroup is not mounted. Memory limited without swap.
[INFO] running `Command { std: "docker" "start" "-a" "99874afa4f36677fbc971fe9655683a164f7f8dbe8bc75484a71db89a4f2d8e9", kill_on_drop: false }`
[INFO] running `Command { std: "docker" "inspect" "99874afa4f36677fbc971fe9655683a164f7f8dbe8bc75484a71db89a4f2d8e9", kill_on_drop: false }`
[INFO] running `Command { std: "docker" "rm" "-f" "99874afa4f36677fbc971fe9655683a164f7f8dbe8bc75484a71db89a4f2d8e9", kill_on_drop: false }`
[INFO] [stdout] 99874afa4f36677fbc971fe9655683a164f7f8dbe8bc75484a71db89a4f2d8e9
[INFO] running `Command { std: "docker" "create" "-v" "/var/lib/crater-agent-workspace/builds/worker-0/target:/opt/rustwide/target:rw,Z" "-v" "/var/lib/crater-agent-workspace/builds/worker-0/source:/opt/rustwide/workdir:ro,Z" "-v" "/var/lib/crater-agent-workspace/cargo-home:/opt/rustwide/cargo-home:ro,Z" "-v" "/var/lib/crater-agent-workspace/rustup-home:/opt/rustwide/rustup-home:ro,Z" "-e" "SOURCE_DIR=/opt/rustwide/workdir" "-e" "CARGO_TARGET_DIR=/opt/rustwide/target" "-e" "CARGO_INCREMENTAL=0" "-e" "RUST_BACKTRACE=full" "-e" "RUSTFLAGS=--cap-lints=forbid" "-e" "CARGO_HOME=/opt/rustwide/cargo-home" "-e" "RUSTUP_HOME=/opt/rustwide/rustup-home" "-w" "/opt/rustwide/workdir" "-m" "1610612736" "--user" "0:0" "--network" "none" "ghcr.io/rust-lang/crates-build-env/linux@sha256:20528e8c29e4536546f0102ce88568b16ea7538393a33fcca951030f7af10457" "/opt/rustwide/cargo-home/bin/cargo" "+ff34b919075f35a1787659e9c448a34b06bab8de" "build" "--frozen" "--message-format=json", kill_on_drop: false }`
[INFO] [stdout] 3d04f801e849d534b10c7651405979e637aa5181a898d66bdbb1b24cf8919ed8
[INFO] [stderr] WARNING: Your kernel does not support swap limit capabilities or the cgroup is not mounted. Memory limited without swap.
[INFO] running `Command { std: "docker" "start" "-a" "3d04f801e849d534b10c7651405979e637aa5181a898d66bdbb1b24cf8919ed8", kill_on_drop: false }`
[INFO] [stderr]    Compiling libc v0.2.92
[INFO] [stderr]    Compiling pkg-config v0.3.19
[INFO] [stderr]    Compiling syn v1.0.67
[INFO] [stderr]    Compiling xml-rs v0.8.3
[INFO] [stderr]    Compiling version_check v0.9.3
[INFO] [stderr]    Compiling serde_derive v1.0.125
[INFO] [stderr]    Compiling khronos_api v3.1.0
[INFO] [stderr]    Compiling serde v1.0.125
[INFO] [stderr]    Compiling downcast-rs v1.2.0
[INFO] [stderr]    Compiling byteorder v1.4.3
[INFO] [stderr]    Compiling serde_json v1.0.64
[INFO] [stderr]    Compiling xdg v2.2.0
[INFO] [stderr]    Compiling ttf-parser v0.12.0
[INFO] [stderr]    Compiling pulldown-cmark v0.8.0
[INFO] [stderr]    Compiling arrayvec v0.5.2
[INFO] [stderr]    Compiling lazycell v1.3.0
[INFO] [stderr]    Compiling cpal v0.13.3
[INFO] [stderr]    Compiling bytecount v0.6.2
[INFO] [stderr]    Compiling weezl v0.1.4
[INFO] [stderr]    Compiling adler v1.0.2
[INFO] [stderr]    Compiling static_assertions v1.1.0
[INFO] [stderr]    Compiling jpeg-decoder v0.1.22
[INFO] [stderr]    Compiling xi-unicode v0.3.0
[INFO] [stderr]    Compiling bit-vec v0.6.3
[INFO] [stderr]    Compiling claxon v0.4.3
[INFO] [stderr]    Compiling hound v3.4.0
[INFO] [stderr]    Compiling mint v0.5.6
[INFO] [stderr]    Compiling scoped-tls-hkt v0.1.2
[INFO] [stderr]    Compiling atomic_refcell v0.1.7
[INFO] [stderr]    Compiling libloading v0.7.0
[INFO] [stderr]    Compiling instant v0.1.9
[INFO] [stderr]    Compiling libloading v0.6.7
[INFO] [stderr]    Compiling num-traits v0.2.14
[INFO] [stderr]    Compiling crossbeam-utils v0.8.3
[INFO] [stderr]    Compiling memoffset v0.6.3
[INFO] [stderr]    Compiling lock_api v0.4.2
[INFO] [stderr]    Compiling num-integer v0.1.44
[INFO] [stderr]    Compiling rayon v1.5.0
[INFO] [stderr]    Compiling miniz_oxide v0.4.4
[INFO] [stderr]    Compiling num-rational v0.3.2
[INFO] [stderr]    Compiling walkdir v2.3.2
[INFO] [stderr]    Compiling itertools v0.10.0
[INFO] [stderr]    Compiling tinyvec v1.1.1
[INFO] [stderr]    Compiling deflate v0.8.6
[INFO] [stderr]    Compiling ogg v0.8.0
[INFO] [stderr]    Compiling gif v0.11.2
[INFO] [stderr]    Compiling bit-set v0.5.2
[INFO] [stderr]    Compiling log v0.4.14
[INFO] [stderr]    Compiling nom v6.1.2
[INFO] [stderr]    Compiling unicase v2.6.0
[INFO] [stderr]    Compiling error-chain v0.12.4
[INFO] [stderr]    Compiling dlib v0.5.0
[INFO] [stderr]    Compiling dlib v0.4.2
[INFO] [stderr]    Compiling crc32fast v1.2.1
[INFO] [stderr]    Compiling glam v0.12.0
[INFO] [stderr]    Compiling draw_state v0.8.0
[INFO] [stderr]    Compiling wayland-sys v0.28.5
[INFO] [stderr]    Compiling x11-dl v2.18.5
[INFO] [stderr]    Compiling alsa-sys v0.3.1
[INFO] [stderr]    Compiling libudev-sys v0.1.4
[INFO] [stderr]    Compiling andrew v0.3.1
[INFO] [stderr]    Compiling wayland-scanner v0.28.5
[INFO] [stderr]    Compiling gl_generator v0.14.0
[INFO] [stderr]    Compiling png v0.16.8
[INFO] [stderr]    Compiling owned_ttf_parser v0.12.0
[INFO] [stderr]    Compiling gfx_core v0.9.2
[INFO] [stderr]    Compiling lewton v0.10.2
[INFO] [stderr]    Compiling ab_glyph v0.2.10
[INFO] [stderr]    Compiling crossbeam-epoch v0.9.3
[INFO] [stderr]    Compiling crossbeam-channel v0.5.0
[INFO] [stderr]    Compiling tiff v0.6.1
[INFO] [stderr]    Compiling euclid v0.22.2
[INFO] [stderr]    Compiling sid v0.6.1
[INFO] [stderr]    Compiling approx v0.4.0
[INFO] [stderr]    Compiling ordered-float v2.1.1
[INFO] [stderr]    Compiling crossbeam-deque v0.8.0
[INFO] [stderr]    Compiling nix v0.20.0
[INFO] [stderr]    Compiling getrandom v0.2.2
[INFO] [stderr]    Compiling jobserver v0.1.21
[INFO] [stderr]    Compiling parking_lot_core v0.8.3
[INFO] [stderr]    Compiling net2 v0.2.37
[INFO] [stderr]    Compiling num_cpus v1.13.0
[INFO] [stderr]    Compiling getrandom v0.1.16
[INFO] [stderr]    Compiling iovec v0.1.4
[INFO] [stderr]    Compiling nix v0.18.0
[INFO] [stderr]    Compiling memmap2 v0.1.0
[INFO] [stderr]    Compiling shared_library v0.1.9
[INFO] [stderr]    Compiling raw-window-handle v0.3.3
[INFO] [stderr]    Compiling slice-deque v0.3.0
[INFO] [stderr]    Compiling dirs-sys v0.3.5
[INFO] [stderr]    Compiling glyph_brush_layout v0.2.1
[INFO] [stderr]    Compiling gfx v0.18.2
[INFO] [stderr]    Compiling num-iter v0.1.42
[INFO] [stderr]    Compiling rand_core v0.6.2
[INFO] [stderr]    Compiling glutin_glx_sys v0.1.7
[INFO] [stderr]    Compiling glutin_egl_sys v0.1.5
[INFO] [stderr]    Compiling gfx_gl v0.6.1
[INFO] [stderr]    Compiling cc v1.0.67
[INFO] [stderr]    Compiling rand_core v0.5.1
[INFO] [stderr]    Compiling parking_lot v0.11.1
[INFO] [stderr]    Compiling wayland-client v0.28.5
[INFO] [stderr]    Compiling wayland-protocols v0.28.5
[INFO] [stderr]    Compiling rayon-core v1.9.0
[INFO] [stderr]    Compiling lyon_geom v0.16.2
[INFO] [stderr]    Compiling mio v0.6.23
[INFO] [stderr]    Compiling xcursor v0.3.3
[INFO] [stderr]    Compiling osmesa-sys v0.1.2
[INFO] [stderr]    Compiling directories v3.0.1
[INFO] [stderr]    Compiling rand_chacha v0.3.0
[INFO] [stderr]    Compiling image v0.23.14
[INFO] [stderr]    Compiling rand_chacha v0.2.2
[INFO] [stderr]    Compiling lyon_path v0.16.2
[INFO] [stderr]    Compiling mio-extras v2.0.6
[INFO] [stderr]    Compiling rand v0.8.3
[INFO] [stderr]    Compiling rand v0.7.3
[INFO] [stderr]    Compiling lyon_algorithms v0.16.0
[INFO] [stderr]    Compiling lyon_tessellation v0.16.2
[INFO] [stderr]    Compiling bzip2-sys v0.1.10+1.0.8
[INFO] [stderr]    Compiling minimp3-sys v0.3.2
[INFO] [stderr]    Compiling tempfile v3.2.0
[INFO] [stderr]    Compiling wayland-commons v0.28.5
[INFO] [stderr]    Compiling alsa v0.5.0
[INFO] [stderr]    Compiling lyon v0.16.2
[INFO] [stderr]    Compiling twox-hash v1.6.0
[INFO] [stderr]    Compiling calloop v0.6.5
[INFO] [stderr]    Compiling glyph_brush_draw_cache v0.1.4
[INFO] [stderr]    Compiling glyph_brush v0.7.2
[INFO] [stderr]    Compiling bzip2 v0.3.3
[INFO] [stderr]    Compiling wayland-cursor v0.28.5
[INFO] [stderr]    Compiling wayland-egl v0.28.5
[INFO] [stderr]    Compiling thiserror-impl v1.0.24
[INFO] [stderr]    Compiling smart-default v0.6.0
[INFO] [stderr]    Compiling gfx_device_gl v0.16.2
[INFO] [stderr]    Compiling thiserror v1.0.24
[INFO] [stderr]    Compiling minimp3 v0.5.1
[INFO] [stderr]    Compiling zip v0.5.11
[INFO] [stderr]    Compiling legion_codegen v0.4.0
[INFO] [stderr]    Compiling rodio v0.13.1
[INFO] [stderr]    Compiling smithay-client-toolkit v0.12.3
[INFO] [stderr]    Compiling winit v0.24.0
[INFO] [stderr]    Compiling glutin v0.26.0
[INFO] [stderr]    Compiling old_school_gfx_glutin_ext v0.26.0
[INFO] [stderr]    Compiling cargo-platform v0.1.1
[INFO] [stderr]    Compiling semver v0.11.0
[INFO] [stderr]    Compiling uuid v0.8.2
[INFO] [stderr]    Compiling toml v0.5.8
[INFO] [stderr]    Compiling erased-serde v0.3.13
[INFO] [stderr]    Compiling gilrs-core v0.3.1
[INFO] [stderr]    Compiling legion v0.4.0
[INFO] [stderr]    Compiling gilrs v0.8.1
[INFO] [stderr]    Compiling cargo_metadata v0.12.3
[INFO] [stderr]    Compiling skeptic v0.13.6
[INFO] [stderr]    Compiling ggez v0.6.0-rc1
[INFO] [stderr]    Compiling boids v0.1.0 (/opt/rustwide/workdir)
[INFO] [stdout] warning: unused import: `ggez::graphics::Color`
[INFO] [stdout]  --> src/main.rs:4:5
[INFO] [stdout]   |
[INFO] [stdout] 4 | use ggez::graphics::Color;
[INFO] [stdout]   |     ^^^^^^^^^^^^^^^^^^^^^
[INFO] [stdout]   |
[INFO] [stdout]   = note: `#[warn(unused_imports)]` on by default
[INFO] [stdout] 
[INFO] [stdout] 
[INFO] [stdout] warning: unused import: `ggez::mint::Vector2`
[INFO] [stdout]  --> src/main.rs:5:5
[INFO] [stdout]   |
[INFO] [stdout] 5 | use ggez::mint::Vector2;
[INFO] [stdout]   |     ^^^^^^^^^^^^^^^^^^^
[INFO] [stdout] 
[INFO] [stdout] 
[INFO] [stdout] warning: unused imports: `Entity`, `Read`
[INFO] [stdout]  --> src/main.rs:7:42
[INFO] [stdout]   |
[INFO] [stdout] 7 | use legion::{World, Schedule, Resources, Read, IntoQuery, Entity};
[INFO] [stdout]   |                                          ^^^^             ^^^^^^
[INFO] [stdout] 
[INFO] [stdout] 
[INFO] [stdout] warning: unused import: `update_velocities`
[INFO] [stdout]  --> src/main.rs:9:96
[INFO] [stdout]   |
[INFO] [stdout] 9 | use crate::boid::{update_positions_system, update_velocities_system, Position, Boid, Velocity, update_velocities, Acceleration};
[INFO] [stdout]   |                                                                                                ^^^^^^^^^^^^^^^^^
[INFO] [stdout] 
[INFO] [stdout] 
[INFO] [stdout] warning: unused import: `Duration`
[INFO] [stdout]   --> src/main.rs:10:26
[INFO] [stdout]    |
[INFO] [stdout] 10 | use std::time::{Instant, Duration};
[INFO] [stdout]    |                          ^^^^^^^^
[INFO] [stdout] 
[INFO] [stdout] 
[INFO] [stdout] error[E0277]: the trait bound `legion::internals::query::view::write::WriteFetch<'_, Velocity>: legion::internals::query::view::ReadOnlyFetch` is not satisfied
[INFO] [stdout]   --> src/boid.rs:60:44
[INFO] [stdout]    |
[INFO] [stdout] 60 |     for (_vel, acc, _pos, _boid) in &query.iter(world) {
[INFO] [stdout]    |                                            ^^^^ the trait `legion::internals::query::view::ReadOnlyFetch` is not implemented for `legion::internals::query::view::write::WriteFetch<'_, Velocity>`
[INFO] [stdout]    |
[INFO] [stdout]    = note: required because of the requirements on the impl of `legion::internals::query::view::ReadOnlyFetch` for `legion::internals::query::view::MultiFetch<'_, (legion::internals::query::view::write::WriteFetch<'_, Velocity>, legion::internals::query::view::write::WriteFetch<'_, Acceleration>, legion::internals::query::view::read::ReadFetch<'_, Position>, legion::internals::query::view::read::ReadFetch<'_, Boid>)>`
[INFO] [stdout] 
[INFO] [stdout] 
[INFO] [stdout] error[E0277]: the trait bound `legion::internals::query::view::write::WriteFetch<'_, Acceleration>: legion::internals::query::view::ReadOnlyFetch` is not satisfied
[INFO] [stdout]   --> src/boid.rs:60:44
[INFO] [stdout]    |
[INFO] [stdout] 60 |     for (_vel, acc, _pos, _boid) in &query.iter(world) {
[INFO] [stdout]    |                                            ^^^^ the trait `legion::internals::query::view::ReadOnlyFetch` is not implemented for `legion::internals::query::view::write::WriteFetch<'_, Acceleration>`
[INFO] [stdout]    |
[INFO] [stdout]    = note: required because of the requirements on the impl of `legion::internals::query::view::ReadOnlyFetch` for `legion::internals::query::view::MultiFetch<'_, (legion::internals::query::view::write::WriteFetch<'_, Velocity>, legion::internals::query::view::write::WriteFetch<'_, Acceleration>, legion::internals::query::view::read::ReadFetch<'_, Position>, legion::internals::query::view::read::ReadFetch<'_, Boid>)>`
[INFO] [stdout] 
[INFO] [stdout] 
[INFO] [stdout] error[E0277]: `&Flatten<ChunkIter<'_, '_, (legion::Write<Velocity>, legion::Write<Acceleration>, legion::Read<Position>, legion::Read<Boid>), EntityFilterTuple<And<(ComponentFilter<Velocity>, ComponentFilter<Acceleration>, ComponentFilter<Position>, ComponentFilter<Boid>)>, And<(Passthrough, Passthrough, Passthrough, Passthrough)>>>>` is not an iterator
[INFO] [stdout]   --> src/boid.rs:60:37
[INFO] [stdout]    |
[INFO] [stdout] 60 |     for (_vel, acc, _pos, _boid) in &query.iter(world) {
[INFO] [stdout]    |                                     -^^^^^^^^^^^^^^^^^
[INFO] [stdout]    |                                     |
[INFO] [stdout]    |                                     `&Flatten<ChunkIter<'_, '_, (legion::Write<Velocity>, legion::Write<Acceleration>, legion::Read<Position>, legion::Read<Boid>), EntityFilterTuple<And<(ComponentFilter<Velocity>, ComponentFilter<Acceleration>, ComponentFilter<Position>, ComponentFilter<Boid>)>, And<(Passthrough, Passthrough, Passthrough, Passthrough)>>>>` is not an iterator
[INFO] [stdout]    |                                     help: consider removing the leading `&`-reference
[INFO] [stdout]    |
[INFO] [stdout]    = help: the trait `Iterator` is not implemented for `&Flatten<ChunkIter<'_, '_, (legion::Write<Velocity>, legion::Write<Acceleration>, legion::Read<Position>, legion::Read<Boid>), EntityFilterTuple<And<(ComponentFilter<Velocity>, ComponentFilter<Acceleration>, ComponentFilter<Position>, ComponentFilter<Boid>)>, And<(Passthrough, Passthrough, Passthrough, Passthrough)>>>>`
[INFO] [stdout]    = note: `Iterator` is implemented for `&mut std::iter::Flatten<legion::query::ChunkIter<'_, '_, (legion::Write<boid::Velocity>, legion::Write<boid::Acceleration>, legion::Read<boid::Position>, legion::Read<boid::Boid>), legion::query::EntityFilterTuple<legion::query::And<(legion::query::ComponentFilter<boid::Velocity>, legion::query::ComponentFilter<boid::Acceleration>, legion::query::ComponentFilter<boid::Position>, legion::query::ComponentFilter<boid::Boid>)>, legion::query::And<(legion::query::Passthrough, legion::query::Passthrough, legion::query::Passthrough, legion::query::Passthrough)>>>>`, but not for `&std::iter::Flatten<legion::query::ChunkIter<'_, '_, (legion::Write<boid::Velocity>, legion::Write<boid::Acceleration>, legion::Read<boid::Position>, legion::Read<boid::Boid>), legion::query::EntityFilterTuple<legion::query::And<(legion::query::ComponentFilter<boid::Velocity>, legion::query::ComponentFilter<boid::Acceleration>, legion::query::ComponentFilter<boid::Position>, legion::query::ComponentFilter<boid::Boid>)>, legion::query::And<(legion::query::Passthrough, legion::query::Passthrough, legion::query::Passthrough, legion::query::Passthrough)>>>>`
[INFO] [stdout]    = note: required because of the requirements on the impl of `IntoIterator` for `&Flatten<ChunkIter<'_, '_, (legion::Write<Velocity>, legion::Write<Acceleration>, legion::Read<Position>, legion::Read<Boid>), EntityFilterTuple<And<(ComponentFilter<Velocity>, ComponentFilter<Acceleration>, ComponentFilter<Position>, ComponentFilter<Boid>)>, And<(Passthrough, Passthrough, Passthrough, Passthrough)>>>>`
[INFO] [stdout]    = note: required by `into_iter`
[INFO] [stdout] 
[INFO] [stdout] 
[INFO] [stdout] error: aborting due to 3 previous errors; 5 warnings emitted
[INFO] [stdout] 
[INFO] [stdout] 
[INFO] [stdout] For more information about this error, try `rustc --explain E0277`.
[INFO] [stdout] 
[INFO] [stderr] error: could not compile `boids`
[INFO] [stderr] 
[INFO] [stderr] To learn more, run the command again with --verbose.
[INFO] running `Command { std: "docker" "inspect" "3d04f801e849d534b10c7651405979e637aa5181a898d66bdbb1b24cf8919ed8", kill_on_drop: false }`
[INFO] running `Command { std: "docker" "rm" "-f" "3d04f801e849d534b10c7651405979e637aa5181a898d66bdbb1b24cf8919ed8", kill_on_drop: false }`
[INFO] [stdout] 3d04f801e849d534b10c7651405979e637aa5181a898d66bdbb1b24cf8919ed8
